2221
In base 14, what is -6 + -caa3847?
-caa384d
In base 3, what is 2011001 - -221011?
10002012
In base 2, what is 1001111111 + 1011000000110100010?
1011000010000100001
In base 3, what is 211001211 - -11022212?
222101200
In base 7, what is -200 + -1316124?
-1316324
In base 12, what is -7080 - 2a4a9?
-35569
In base 3, what is -1101100120 - -101221?
-1100221122
In base 5, what is -1224022213 + 333?
-1224021330
In base 14, what is 42 + 89d68?
89daa
In base 13, what is 80 - 255b3?
-25533
In base 11, what is -24 - -17461?
17438
In base 6, what is 5 + -2304423234?
-2304423225
In base 4, what is 3201212132 + -2213?
3201203313
In base 6, what is -11120 - 24521?
-40041
In base 16, what is 4885 - -4c8?
4d4d
In base 3, what is -122110021212 + -121?
-122110022110
In base 3, what is 100210122220011 + -10?
100210122220001
In base 10, what is -4067 + 732?
-3335
In base 9, what is -15480655 - -11?
-15480644
In base 12, what is 5628a0 - -6?
5628a6
In base 9, what is 1 - -4718487?
4718488
In base 9, what is 26 + -257311?
-257274
In base 13, what is 3 + 2548aa51?
2548aa54
In base 8, what is 422 - -161515?
162137
In base 3, what is 2111202 - -21212122?
101101101
In base 7, what is -1320461 - 235?
-1321026
In base 9, what is -44653 + 135?
-44517
In base 5, what is -1214421 - -2232?
-1212134
In base 3, what is -1021011 + 12101020?
11010002
In base 8, what is 6032 + 3154?
11206
In base 9, what is 1 - -4412752?
4412753
In base 15, what is -201 + 2d1d9?
2ced8
In base 9, what is 1214 - -28142?
30356
In base 15, what is -e + -16827c2?
-16827d1
In base 4, what is -102201331 + 220?
-102201111
In base 6, what is 242103 + 21434?
303541
In base 5, what is 104302044001 + 3?
104302044004
In base 9, what is -311780751 - -4?
-311780746
In base 13, what is -1 + -c54783?
-c54784
In base 4, what is 120 + -103110333233?
-103110333113
In base 5, what is -312221 - 3101?
-320322
In base 10, what is -1 + 4788217?
4788216
In base 15, what is -13 + de748?
de735
In base 10, what is 16421016 - 5?
16421011
In base 2, what is 1110 + -101111001010011011?
-101111001010001101
In base 7, what is 6 - 26050030?
-26050021
In base 7, what is 130 + -1000201?
-1000041
In base 14, what is a0 - 1a33b?
-1a27b
In base 10, what is 30 + 3350081?
3350111
In base 6, what is -11 - 103032114?
-103032125
In base 10, what is -287138 - -29?
-287109
In base 7, what is -16162664156 + -4?
-16162664163
In base 9, what is -11 + -10861533?
-10861544
In base 10, what is -2089 - -3907?
1818
In base 15, what is -54 + 1dd0db?
1dd087
In base 8, what is 2 - 231415577?
-231415575
In base 3, what is -11001120220010022 - -100?
-11001120220002222
In base 5, what is -11142122023033 + -1?
-11142122023034
In base 14, what is 385d66d + -5?
385d668
In base 6, what is 202433 - -123?
203000
In base 3, what is -110120102 - -2012?
-110111020
In base 16, what is 6d0c4a + -5?
6d0c45
In base 3, what is -20100021222 - 20102120?
-20120201112
In base 16, what is -15d + -a17c5?
-a1922
In base 14, what is -c36 - 1842?
-2678
In base 14, what is c647 - -276?
c8bd
In base 8, what is 200 - -2506235?
2506435
In base 12, what is 3 + -5408772a?
-54087727
In base 12, what is -97b4 + -10297?
-19a8b
In base 5, what is 121 + 112022424?
112023100
In base 3, what is 2 + -2212110221021?
-2212110221012
In base 11, what is -171439a8 + 3?
-171439a5
In base 16, what is 29d + -24b77?
-248da
In base 3, what is -201 + 12020010122?
12020002221
In base 13, what is 4 + 2398b0?
2398b4
In base 14, what is -4 - -212db22?
212db1c
In base 2, what is -101011101 + -1011101011000111?
-1011110000100100
In base 8, what is 3257 + 36141?
41420
In base 8, what is -565 + -3031265?
-3032052
In base 7, what is 25 + -421056?
-421031
In base 3, what is -20200022 + -1211102?
-22111201
In base 5, what is 31 - -10333234203?
10333234234
In base 9, what is 135601 - 267?
135323
In base 6, what is -300345113 - 5?
-300345122
In base 7, what is 16151404 - -34?
16151441
In base 4, what is 1021211200230 - 0?
1021211200230
In base 10, what is 50521 - -10537?
61058
In base 3, what is -21002102121 + -210210?
-21010020101
In base 6, what is 150335 + -23002?
123333
In base 15, what is -471d + -894?
-50b2
In base 7, what is 6305 - -126310?
135615
In base 6, what is 1042252152 + 102?
1042252254
In base 14, what is -5 - 159d69?
-159d70
In base 11, what is 4803108 + 10?
4803118
In base 3, what is -1212001102010 + 111012?
-1212000220221
In base 14, what is 450b6 - a?
450aa
In base 11, what is -1 + 408859?
408858
In base 16, what is 72 - -279c3?
27a35
In base 8, what is -2553115 - 4?
-2553121
In base 5, what is 3 + 12102100143?
12102100201
In base 6, what is 1 - -32103540440?
32103540441
In base 9, what is 6283166 + -282?
6282774
In base 4, what is -120133300 + -1030?
-120200330
In base 2, what is 1101111000000 - 110100001?
1101000011111
In base 7, what is 601 + -141321?
-140420
In base 16, what is -3a713 + 2b?
-3a6e8
In base 10, what is -153179 - 460?
-153639
In base 5, what is -3441 + 10421230?
10412234
In base 10, what is -2 - 810252?
-810254
In base 5, what is 43 - 1121431430?
-1121431332
In base 15, what is 17 - 62ca29?
-62ca12
In base 9, what is 204301 + 238?
204540
In base 12, what is -260 - 19115?
-19375
In base 6, what is 132025423333 - 4?
132025423325
In base 12, what is -aa21 - -9b7?
-a026
In base 6, what is -40523 - 11201?
-52124
In base 3, what is 12012101110222001 - 0?
12012101110222001
In base 10, what is -14 - 15007516?
-15007530
In base 11, what is -178a + -3935?
-5614
In base 7, what is -421 - -32342?
31621
In base 11, what is -515246a35 - 2?
-515246a37
In base 7, what is 634 + -120110?
-116143
In base 11, what is 11 - -17316526?
17316537
In base 4, what is 20 - 32031211002?
-32031210322
In base 9, what is -24631164 + -30?
-24631204
In base 5, what is 3131403442 - 111?
3131403331
In base 5, what is -2300423 + -4214?
-2310142
In base 16, what is 87 + 36c4cf?
36c556
In base 11, what is -36298a - 11?
-3629a0
In base 13, what is 4 - a9b534?
-a9b530
In base 2, what is -10000 - -1000001111101011101110?
1000001111101011011110
In base 5, what is 2022 + 224334?
231411
In base 15, what is 2 - -1790b30?
1790b32
In base 2, what is 110110110100111001100 + -1011?
110110110100111000001
In base 2, what is 100000010010100 + -11000000110?
11101010001110
In base 14, what is -13a45 + -dc4?
-14a29
In base 11, what is -4a083 - -478a?
-453a4
In base 11, what is -36 - -974140?
974105
In base 7, what is -21 + -526406663?
-526410014
In base 6, what is -14254352411 + -4?
-14254352415
In base 12, what is -7 + -7b719?
-7b724
In base 2, what is 100111 + -101011111010010101101111?
-101011111010010101001000
In base 8, what is -35 + 12651305?
12651250
In base 16, what is 1afb6 - -19f?
1b155
In base 4, what is -10 + 11002213330?
11002213320
In base 4, what is -1023312102 + 2000?
-1023310102
In base 2, what is -101 + -11110001011010101000101?
-11110001011010101001010
In base 2, what is -101011101100110010100000 + 110?
-101011101100110010011010
In base 14, what is 4 + -151da0a?
-151da06
In base 10, what is -143 + -2222?
-2365
In base 16, what is be - -131593?
131651
In base 10, what is -515359 - 12?
-515371
In base 7, what is 22560240 - -23?
22560263
In base 11, what is 3a968447 + 3?
3a96844a
In base 14, what is -d + a5984?
a5975
In base 12, what is 30948 - -76?
30a02
In base 5, what is -13030403 + 344?
-13030004
In base 9, what is 55 - -8100671?
8100736
In base 8, what is 151352641 - 3?
151352636
In base 8, what is -773 - -172720?
171725
In base 8, what is -121520 + -352?
-122072
In base 13, what is 53a7 - a10?
4697
In base 5, what is 101 - 2243134?
-2243033
In base 16, what is 69 + -13c7c?
-13c13
In base 14, what is 5 + 626b4cc?
626b4d3
In base 4, what is -31 + 10102301200?
10102301103
In base 14, what is 35a43 + -132?
35911
In base 9, what is -444550022 + -1?
-444550023
In base 16, what is -b723fe - -2?
-b723fc
In base 10, what is -2 - 45700202?
-45700204
In base 8, what is 101 + -2111127?
-2111026
In base 15, what is -dc - -2560b?
2551e
In base 14, what is -1199 + -12b58?
-13d13
In base 5, what is -31332042410 + -33?
-31332042443
In base 2, what is -1011001011010101000101 - -1011?
-1011001011010100111010
In base 4, what is -1011232312300 - 2?
-1011232312302
In base 6, what is -30514 - -205?
-30305
In base 14, what is -